{"id":11,"date":"2022-12-30T11:54:03","date_gmt":"2022-12-30T10:54:03","guid":{"rendered":"https:\/\/anciens-armons.be\/wordpress\/?page_id=11"},"modified":"2022-12-30T11:54:03","modified_gmt":"2022-12-30T10:54:03","slug":"historique-en-bref","status":"publish","type":"page","link":"https:\/\/anciens-armons.be\/wordpress\/historique-en-bref\/","title":{"rendered":"Historique en bref"},"content":{"rendered":"\n<p>Le 5 d\u00e9cembre 1889, Henry Sainctelette alors bourgmestre de la ville de Mons, invite tous ceux qui avaient fait leurs humanit\u00e9s au Coll\u00e8ge communal ou \u00e0 l&rsquo;Ath\u00e9n\u00e9e Royal \u00e0 se regrouper au sein d&rsquo;une association qui porterait le nom de \u00ab\u00a0Union des Anciens El\u00e8ves du Coll\u00e8ge Communal et de l&rsquo;Ath\u00e9n\u00e9e Royal de Mons\u00a0\u00bb.<\/p>\n\n\n\n<p>Le dimanche 22 d\u00e9cembre 1889, \u00e0 15h00, au Caf\u00e9 Royal sur la Grand&rsquo;Place de Mons, se tient la premi\u00e8re assembl\u00e9e g\u00e9n\u00e9rale de l&rsquo;Union des Anciens.<\/p>\n\n\n\n<p>Dans son rapport publi\u00e9 en 1912, le secr\u00e9taire de l&rsquo;Union dresse un bilan des vingt et une premi\u00e8res ann\u00e9es d&rsquo;existence de l&rsquo;Union. Durant cette p\u00e9riode, 84 \u00e9l\u00e8ves, certains pendant tout le cours de leurs \u00e9tudes, b\u00e9n\u00e9fici\u00e8rent de l&rsquo;aide financi\u00e8re de l&rsquo;Union.<\/p>\n\n\n\n<p>En 1929, le 10 novembre, \u00e0 l&rsquo;initiative de l&rsquo;Union des Anciens, l&rsquo;Ath\u00e9n\u00e9e rend hommage \u00e0 23 de ses anciens \u00e9l\u00e8ves tomb\u00e9s devant l&rsquo;ennemi durant la premi\u00e8re guerre mondiale.<\/p>\n\n\n\n<p>Le 3 d\u00e9cembre 1944, au lendemain de la Lib\u00e9ration, l&rsquo;Union reconstitu\u00e9e tient sa premi\u00e8re assembl\u00e9e g\u00e9n\u00e9rale.<\/p>\n\n\n\n<p>Le 30 octobre 1949 est inaugur\u00e9 dans le pr\u00e9au de l&rsquo;Ath\u00e9n\u00e9e un nouveau m\u00e9morial, associant dans un m\u00eame souvenir les anciens \u00e9l\u00e8ves morts pour la patrie pendant les deux guerres mondiales.<\/p>\n\n\n\n<p>Le 22 septembre 1951, l&rsquo;Assembl\u00e9e G\u00e9n\u00e9rale statutaire de l&rsquo;Association Royale des Anciens El\u00e8ves de l&rsquo;Ecole Moyenne de l&rsquo;Etat pour Gar\u00e7ons \u00e0 Mons, transf\u00e9re la totalit\u00e9 de son avoir \u00e0 l&rsquo;Union des Anciens El\u00e8ves de l&rsquo;Ath\u00e9n\u00e9e Royal de Mons.<br>Le 10 janvier 1952 les deux associations fusionnent pour former l&rsquo;Union des Anciens El\u00e8ves de l&rsquo;Ath\u00e9n\u00e9e Royal de Mons et de l&rsquo;Ecole Moyenne de l&rsquo;Etat pour Gar\u00e7ons \u00e0 Mons.<\/p>\n\n\n\n<p>Le 9 f\u00e9vrier 1952, le Moniteur publie les nouveaux statuts de l&rsquo;Union transform\u00e9e en asbl.<\/p>\n\n\n\n<p>En 1989, pour la c\u00e9l\u00e9bration de son centi\u00e8me anniversaire, l&rsquo;Union fait frapper une m\u00e9daille comm\u00e9morative. La r\u00e9alisation de cette oeuvre est due \u00e0 l&rsquo;un des plus an\u00adciens membres de l&rsquo;association, le sculpteur Michel Sti\u00e9venart, artiste au talent unanimement reconnu, lui aussi ancien \u00e9l\u00e8ve de l&rsquo;Ath\u00e9n\u00e9e.<\/p>\n\n\n\n<p>Le 29 mars 2009, l&rsquo;Union organise en collaboration avec l&rsquo;\u00e9tablissement, une importante c\u00e9r\u00e9monie d&rsquo;hommage aux anciens \u00e9l\u00e8ves morts des guerres, \u00e0 l&rsquo;occasion de la r\u00e9novation compl\u00e8te du m\u00e9morial \u00e9rig\u00e9 en leur honneur.<\/p>\n","protected":false},"excerpt":{"rendered":"<p>Le 5 d\u00e9cembre 1889, Henry Sainctelette alors bourgmestre de la ville de Mons, invite tous ceux qui avaient fait leurs humanit\u00e9s au Coll\u00e8ge communal ou \u00e0 l&rsquo;Ath\u00e9n\u00e9e Royal \u00e0 se regrouper au sein d&rsquo;une association qui porterait le nom de \u00ab\u00a0Union des Anciens El\u00e8ves du Coll\u00e8ge Communal et de l&rsquo;Ath\u00e9n\u00e9e Royal de Mons\u00a0\u00bb. Le dimanche [&hellip;]<\/p>\n","protected":false},"author":1,"featured_media":0,"parent":0,"menu_order":0,"comment_status":"closed","ping_status":"closed","template":"","meta":{"footnotes":""},"class_list":["post-11","page","type-page","status-publish","hentry"],"_links":{"self":[{"href":"https:\/\/anciens-armons.be\/wordpress\/wp-json\/wp\/v2\/pages\/11","targetHints":{"allow":["GET"]}}],"collection":[{"href":"https:\/\/anciens-armons.be\/wordpress\/wp-json\/wp\/v2\/pages"}],"about":[{"href":"https:\/\/anciens-armons.be\/wordpress\/wp-json\/wp\/v2\/types\/page"}],"author":[{"embeddable":true,"href":"https:\/\/anciens-armons.be\/wordpress\/wp-json\/wp\/v2\/users\/1"}],"replies":[{"embeddable":true,"href":"https:\/\/anciens-armons.be\/wordpress\/wp-json\/wp\/v2\/comments?post=11"}],"version-history":[{"count":1,"href":"https:\/\/anciens-armons.be\/wordpress\/wp-json\/wp\/v2\/pages\/11\/revisions"}],"predecessor-version":[{"id":12,"href":"https:\/\/anciens-armons.be\/wordpress\/wp-json\/wp\/v2\/pages\/11\/revisions\/12"}],"wp:attachment":[{"href":"https:\/\/anciens-armons.be\/wordpress\/wp-json\/wp\/v2\/media?parent=11"}],"curies":[{"name":"wp","href":"https:\/\/api.w.org\/{rel}","templated":true}]}}

<p>Le 5 décembre 1889, Henry Sainctelette alors bourgmestre de la ville de Mons, invite tous ceux qui avaient fait leurs humanités au Collège communal ou à l&rsquo;Athénée Royal à se regrouper au sein d&rsquo;une association qui porterait le nom de « Union des Anciens Elèves du Collège Communal et de l&rsquo;Athénée Royal de Mons ».</p>



<p>Le dimanche 22 décembre 1889, à 15h00, au Café Royal sur la Grand&rsquo;Place de Mons, se tient la première assemblée générale de l&rsquo;Union des Anciens.</p>



<p>Dans son rapport publié en 1912, le secrétaire de l&rsquo;Union dresse un bilan des vingt et une premières années d&rsquo;existence de l&rsquo;Union. Durant cette période, 84 élèves, certains pendant tout le cours de leurs études, bénéficièrent de l&rsquo;aide financière de l&rsquo;Union.</p>



<p>En 1929, le 10 novembre, à l&rsquo;initiative de l&rsquo;Union des Anciens, l&rsquo;Athénée rend hommage à 23 de ses anciens élèves tombés devant l&rsquo;ennemi durant la première guerre mondiale.</p>



<p>Le 3 décembre 1944, au lendemain de la Libération, l&rsquo;Union reconstituée tient sa première assemblée générale.</p>



<p>Le 30 octobre 1949 est inauguré dans le préau de l&rsquo;Athénée un nouveau mémorial, associant dans un même souvenir les anciens élèves morts pour la patrie pendant les deux guerres mondiales.</p>



<p>Le 22 septembre 1951, l&rsquo;Assemblée Générale statutaire de l&rsquo;Association Royale des Anciens Elèves de l&rsquo;Ecole Moyenne de l&rsquo;Etat pour Garçons à Mons, transfére la totalité de son avoir à l&rsquo;Union des Anciens Elèves de l&rsquo;Athénée Royal de Mons.<br>Le 10 janvier 1952 les deux associations fusionnent pour former l&rsquo;Union des Anciens Elèves de l&rsquo;Athénée Royal de Mons et de l&rsquo;Ecole Moyenne de l&rsquo;Etat pour Garçons à Mons.</p>



<p>Le 9 février 1952, le Moniteur publie les nouveaux statuts de l&rsquo;Union transformée en asbl.</p>



<p>En 1989, pour la célébration de son centième anniversaire, l&rsquo;Union fait frapper une médaille commémorative. La réalisation de cette oeuvre est due à l&rsquo;un des plus an­ciens membres de l&rsquo;association, le sculpteur Michel Stiévenart, artiste au talent unanimement reconnu, lui aussi ancien élève de l&rsquo;Athénée.</p>



<p>Le 29 mars 2009, l&rsquo;Union organise en collaboration avec l&rsquo;établissement, une importante cérémonie d&rsquo;hommage aux anciens élèves morts des guerres, à l&rsquo;occasion de la rénovation complète du mémorial érigé en leur honneur.</p>

<p>Le 5 décembre 1889, Henry Sainctelette alors bourgmestre de la ville de Mons, invite tous ceux qui avaient fait leurs humanités au Collège communal ou à l&rsquo;Athénée Royal à se regrouper au sein d&rsquo;une association qui porterait le nom de « Union des Anciens Elèves du Collège Communal et de l&rsquo;Athénée Royal de Mons ». Le dimanche [&hellip;]</p>
