{"id":22,"date":"2022-12-31T10:43:54","date_gmt":"2022-12-31T09:43:54","guid":{"rendered":"https:\/\/anciens-armons.be\/wordpress\/?page_id=22"},"modified":"2022-12-31T10:43:54","modified_gmt":"2022-12-31T09:43:54","slug":"service-social","status":"publish","type":"page","link":"https:\/\/anciens-armons.be\/wordpress\/service-social\/","title":{"rendered":"Service social"},"content":{"rendered":"\n<p><strong>Georges Scheppers<\/strong> est un ancien\u00a0 \u00e9l\u00e8ve de l&rsquo;Ath\u00e9n\u00e9e. Il cr\u00e9a, au sein de l&rsquo;association, un service d&rsquo;aide aux \u00e9l\u00e8ves les plus d\u00e9favoris\u00e9s. Ce service social porte son nom, en hommage \u00e0 cet ancien trop t\u00f4t disparu.<\/p>\n\n\n\n<p>L&rsquo;action de l&rsquo;Union se d\u00e9roule dans la discr\u00e9tion.<\/p>\n\n\n\n<p>Chaque ann\u00e9e, une somme inscrite au budget est consacr\u00e9e \u00e0 l&rsquo;aide sociale. Une commission d\u00e9cide de la forme que doit prendre cette action, sur les propositions introduites par le chef d&rsquo;\u00e9tablissement qui est le mieux \u00e0 m\u00eame de conna\u00eetre les cas les plus critiques.<\/p>\n","protected":false},"excerpt":{"rendered":"<p>Georges Scheppers est un ancien\u00a0 \u00e9l\u00e8ve de l&rsquo;Ath\u00e9n\u00e9e. Il cr\u00e9a, au sein de l&rsquo;association, un service d&rsquo;aide aux \u00e9l\u00e8ves les plus d\u00e9favoris\u00e9s. Ce service social porte son nom, en hommage \u00e0 cet ancien trop t\u00f4t disparu. L&rsquo;action de l&rsquo;Union se d\u00e9roule dans la discr\u00e9tion. Chaque ann\u00e9e, une somme inscrite au budget est consacr\u00e9e \u00e0 l&rsquo;aide [&hellip;]<\/p>\n","protected":false},"author":1,"featured_media":0,"parent":0,"menu_order":0,"comment_status":"closed","ping_status":"closed","template":"","meta":{"footnotes":""},"class_list":["post-22","page","type-page","status-publish","hentry"],"_links":{"self":[{"href":"https:\/\/anciens-armons.be\/wordpress\/wp-json\/wp\/v2\/pages\/22","targetHints":{"allow":["GET"]}}],"collection":[{"href":"https:\/\/anciens-armons.be\/wordpress\/wp-json\/wp\/v2\/pages"}],"about":[{"href":"https:\/\/anciens-armons.be\/wordpress\/wp-json\/wp\/v2\/types\/page"}],"author":[{"embeddable":true,"href":"https:\/\/anciens-armons.be\/wordpress\/wp-json\/wp\/v2\/users\/1"}],"replies":[{"embeddable":true,"href":"https:\/\/anciens-armons.be\/wordpress\/wp-json\/wp\/v2\/comments?post=22"}],"version-history":[{"count":1,"href":"https:\/\/anciens-armons.be\/wordpress\/wp-json\/wp\/v2\/pages\/22\/revisions"}],"predecessor-version":[{"id":23,"href":"https:\/\/anciens-armons.be\/wordpress\/wp-json\/wp\/v2\/pages\/22\/revisions\/23"}],"wp:attachment":[{"href":"https:\/\/anciens-armons.be\/wordpress\/wp-json\/wp\/v2\/media?parent=22"}],"curies":[{"name":"wp","href":"https:\/\/api.w.org\/{rel}","templated":true}]}}