{"id":24,"date":"2022-12-31T10:44:42","date_gmt":"2022-12-31T09:44:42","guid":{"rendered":"https:\/\/anciens-armons.be\/wordpress\/?page_id=24"},"modified":"2022-12-31T10:44:42","modified_gmt":"2022-12-31T09:44:42","slug":"interventions","status":"publish","type":"page","link":"https:\/\/anciens-armons.be\/wordpress\/interventions\/","title":{"rendered":"Interventions"},"content":{"rendered":"\n<p>L&rsquo;Union collabore financi\u00e8rement \u00e0 l&rsquo;\u00e9quipement en mat\u00e9riel p\u00e9dagogique des diff\u00e9rentes sections constituant&nbsp;l&rsquo;Ath\u00e9n\u00e9e. Le principe directeur de son action en ce domaine est que l&rsquo;Union ne doit pas se substituer au pouvoir organisateur qui doit assumer ses responsabilit\u00e9s en la mati\u00e8re.<\/p>\n\n\n\n<p>L&rsquo;Union \u00e9tudie les demandes qui lui sont adress\u00e9es pour autant que son intervention concerne du mat\u00e9riel durable qui puisse profiter au plus grand nombre d\u2019\u00e9l\u00e8ves de l&rsquo;\u00e9tablissement.<\/p>\n","protected":false},"excerpt":{"rendered":"<p>L&rsquo;Union collabore financi\u00e8rement \u00e0 l&rsquo;\u00e9quipement en mat\u00e9riel p\u00e9dagogique des diff\u00e9rentes sections constituant&nbsp;l&rsquo;Ath\u00e9n\u00e9e. Le principe directeur de son action en ce domaine est que l&rsquo;Union ne doit pas se substituer au pouvoir organisateur qui doit assumer ses responsabilit\u00e9s en la mati\u00e8re. L&rsquo;Union \u00e9tudie les demandes qui lui sont adress\u00e9es pour autant que son intervention concerne du [&hellip;]<\/p>\n","protected":false},"author":1,"featured_media":0,"parent":0,"menu_order":0,"comment_status":"closed","ping_status":"closed","template":"","meta":{"footnotes":""},"class_list":["post-24","page","type-page","status-publish","hentry"],"_links":{"self":[{"href":"https:\/\/anciens-armons.be\/wordpress\/wp-json\/wp\/v2\/pages\/24","targetHints":{"allow":["GET"]}}],"collection":[{"href":"https:\/\/anciens-armons.be\/wordpress\/wp-json\/wp\/v2\/pages"}],"about":[{"href":"https:\/\/anciens-armons.be\/wordpress\/wp-json\/wp\/v2\/types\/page"}],"author":[{"embeddable":true,"href":"https:\/\/anciens-armons.be\/wordpress\/wp-json\/wp\/v2\/users\/1"}],"replies":[{"embeddable":true,"href":"https:\/\/anciens-armons.be\/wordpress\/wp-json\/wp\/v2\/comments?post=24"}],"version-history":[{"count":1,"href":"https:\/\/anciens-armons.be\/wordpress\/wp-json\/wp\/v2\/pages\/24\/revisions"}],"predecessor-version":[{"id":25,"href":"https:\/\/anciens-armons.be\/wordpress\/wp-json\/wp\/v2\/pages\/24\/revisions\/25"}],"wp:attachment":[{"href":"https:\/\/anciens-armons.be\/wordpress\/wp-json\/wp\/v2\/media?parent=24"}],"curies":[{"name":"wp","href":"https:\/\/api.w.org\/{rel}","templated":true}]}}