{"id":32,"date":"2022-12-31T10:48:37","date_gmt":"2022-12-31T09:48:37","guid":{"rendered":"https:\/\/anciens-armons.be\/wordpress\/?page_id=32"},"modified":"2022-12-31T11:40:05","modified_gmt":"2022-12-31T10:40:05","slug":"ancien-preau","status":"publish","type":"page","link":"https:\/\/anciens-armons.be\/wordpress\/ancien-preau\/","title":{"rendered":"L&rsquo;ancien pr\u00e9au"},"content":{"rendered":"\n<figure class=\"wp-block-image size-full\"><img decoding=\"async\" width=\"150\" height=\"209\" src=\"https:\/\/anciens-armons.be\/wordpress\/wp-content\/uploads\/2022\/12\/preau1949-150x209-1.jpg\" alt=\"\" class=\"wp-image-34\"\/><\/figure>\n\n\n\n<p>La cour autour de laquelle s&rsquo;organisaient les diff\u00e9rents corps de b\u00e2timents de l&rsquo;Ath\u00e9n\u00e9e \u00e9tait en terre battue (elle ne sera pourvue d&rsquo;un rev\u00eatement qu&rsquo;en 1941). L&rsquo;architecte Trappeniers avait pr\u00e9vu un pr\u00e9au ferm\u00e9 dans l&rsquo;aile de la fa\u00e7ade, rue du S\u00e9minaire.&nbsp;Il devait servir de lieu d&rsquo;accueil pour les \u00e9l\u00e8ves mais aussi de salle de spectacles, une sorte de salle polyvalente, comme l&rsquo;on dirait aujourd&rsquo;hui.<\/p>\n\n\n\n<p>Bien s\u00fbr, ce balcon \u00e9tait aussi le poste privil\u00e9gi\u00e9 d&rsquo;o\u00f9 les ma\u00eetres de surveillance pouvaient \u00e0 loisir, et quasiment incognito, surveiller les t\u00eates blondes&#8230;&nbsp;On peut observer sur des photos que les murs \u00e9taient orn\u00e9s de tableaux (dont certains de R. Dubois, professeur de dessin de l&rsquo;Ath\u00e9n\u00e9e).<\/p>\n\n\n\n<p>Quatre portes, deux de chaque c\u00f4t\u00e9 de l&rsquo;entr\u00e9e principale, donnaient acc\u00e8s \u00e0 des locaux \u00e0 la destination clairement pr\u00e9cis\u00e9e par les mots grav\u00e9s dans les linteaux: Pr\u00e9fet, Parloir, Secr\u00e9tariat, Biblioth\u00e8que.&nbsp;Le tout avait une allure majestueuse, correspondant au style g\u00e9n\u00e9ral de l&rsquo;ensemble des b\u00e2timents.<\/p>\n\n\n\n<p>En 1959, le pr\u00e9au fut modifi\u00e9 de fond en comble, suite \u00e0 un accroissement du nombre d&rsquo;\u00e9l\u00e8ves et \u00e0 l&rsquo;impossibilit\u00e9 d&rsquo;acqu\u00e9rir de nouveaux locaux.&nbsp;Il devint ce qu&rsquo;il est aujourd&rsquo;hui, un hall d&rsquo;accueil surmont\u00e9 d&rsquo;un \u00e9tage supportant une salle d&rsquo;\u00e9tude; trois des quatre portes d&rsquo;origine subsistent, ouvrant sur le bureau du Proviseur, un bureau d&rsquo;\u00e9ducateurs et une annexe de la salle des professeurs; le parloir \u00e9tait transf\u00e9r\u00e9 dans l&rsquo;ancienne loge du concierge aujourd&rsquo;hui occup\u00e9e par un \u00e9ducateur; le concierge se retrouvant en face, dans ce que l&rsquo;on appelle aujourd&rsquo;hui \u00ab\u00a0la loge\u00a0\u00bb et, parfois, \u00ab\u00a0l&rsquo;aquarium\u00a0\u00bb.<\/p>\n\n\n\n<p>Bref, de l&rsquo;ancien pr\u00e9au ne subsiste plus que le m\u00e9morial aux \u00e9l\u00e8ves victimes des deux guerres mondiales, \u00e9rig\u00e9 par l&rsquo;Union des Anciens, en 1949, au cours d&rsquo;une c\u00e9r\u00e9monie particuli\u00e8rement \u00e9mouvante qui eut lieu le 30 octobre.<\/p>\n\n\n\n<p><em>Claudy Dupont, professeur d&rsquo;Histoire<br><\/em><em>D&rsquo;apr\u00e8s le catalogue de l&rsquo;exposition r\u00e9alis\u00e9e en 2000 \u00e0 l&rsquo;occasion du 150e anniversaire de l&rsquo;Ath\u00e9n\u00e9e.<\/em><\/p>\n","protected":false},"excerpt":{"rendered":"<p>La cour autour de laquelle s&rsquo;organisaient les diff\u00e9rents corps de b\u00e2timents de l&rsquo;Ath\u00e9n\u00e9e \u00e9tait en terre battue (elle ne sera pourvue d&rsquo;un rev\u00eatement qu&rsquo;en 1941). L&rsquo;architecte Trappeniers avait pr\u00e9vu un pr\u00e9au ferm\u00e9 dans l&rsquo;aile de la fa\u00e7ade, rue du S\u00e9minaire.&nbsp;Il devait servir de lieu d&rsquo;accueil pour les \u00e9l\u00e8ves mais aussi de salle de spectacles, une [&hellip;]<\/p>\n","protected":false},"author":1,"featured_media":0,"parent":0,"menu_order":0,"comment_status":"closed","ping_status":"closed","template":"","meta":{"footnotes":""},"class_list":["post-32","page","type-page","status-publish","hentry"],"_links":{"self":[{"href":"https:\/\/anciens-armons.be\/wordpress\/wp-json\/wp\/v2\/pages\/32","targetHints":{"allow":["GET"]}}],"collection":[{"href":"https:\/\/anciens-armons.be\/wordpress\/wp-json\/wp\/v2\/pages"}],"about":[{"href":"https:\/\/anciens-armons.be\/wordpress\/wp-json\/wp\/v2\/types\/page"}],"author":[{"embeddable":true,"href":"https:\/\/anciens-armons.be\/wordpress\/wp-json\/wp\/v2\/users\/1"}],"replies":[{"embeddable":true,"href":"https:\/\/anciens-armons.be\/wordpress\/wp-json\/wp\/v2\/comments?post=32"}],"version-history":[{"count":3,"href":"https:\/\/anciens-armons.be\/wordpress\/wp-json\/wp\/v2\/pages\/32\/revisions"}],"predecessor-version":[{"id":63,"href":"https:\/\/anciens-armons.be\/wordpress\/wp-json\/wp\/v2\/pages\/32\/revisions\/63"}],"wp:attachment":[{"href":"https:\/\/anciens-armons.be\/wordpress\/wp-json\/wp\/v2\/media?parent=32"}],"curies":[{"name":"wp","href":"https:\/\/api.w.org\/{rel}","templated":true}]}}

L&rsquo;ancien préau

<figure class="wp-block-image size-full"><img decoding="async" width="150" height="209" src="https://anciens-armons.be/wordpress/wp-content/uploads/2022/12/preau1949-150x209-1.jpg" alt="" class="wp-image-34"/></figure>



<p>La cour autour de laquelle s&rsquo;organisaient les différents corps de bâtiments de l&rsquo;Athénée était en terre battue (elle ne sera pourvue d&rsquo;un revêtement qu&rsquo;en 1941). L&rsquo;architecte Trappeniers avait prévu un préau fermé dans l&rsquo;aile de la façade, rue du Séminaire.&nbsp;Il devait servir de lieu d&rsquo;accueil pour les élèves mais aussi de salle de spectacles, une sorte de salle polyvalente, comme l&rsquo;on dirait aujourd&rsquo;hui.</p>



<p>Bien sûr, ce balcon était aussi le poste privilégié d&rsquo;où les maîtres de surveillance pouvaient à loisir, et quasiment incognito, surveiller les têtes blondes&#8230;&nbsp;On peut observer sur des photos que les murs étaient ornés de tableaux (dont certains de R. Dubois, professeur de dessin de l&rsquo;Athénée).</p>



<p>Quatre portes, deux de chaque côté de l&rsquo;entrée principale, donnaient accès à des locaux à la destination clairement précisée par les mots gravés dans les linteaux: Préfet, Parloir, Secrétariat, Bibliothèque.&nbsp;Le tout avait une allure majestueuse, correspondant au style général de l&rsquo;ensemble des bâtiments.</p>



<p>En 1959, le préau fut modifié de fond en comble, suite à un accroissement du nombre d&rsquo;élèves et à l&rsquo;impossibilité d&rsquo;acquérir de nouveaux locaux.&nbsp;Il devint ce qu&rsquo;il est aujourd&rsquo;hui, un hall d&rsquo;accueil surmonté d&rsquo;un étage supportant une salle d&rsquo;étude; trois des quatre portes d&rsquo;origine subsistent, ouvrant sur le bureau du Proviseur, un bureau d&rsquo;éducateurs et une annexe de la salle des professeurs; le parloir était transféré dans l&rsquo;ancienne loge du concierge aujourd&rsquo;hui occupée par un éducateur; le concierge se retrouvant en face, dans ce que l&rsquo;on appelle aujourd&rsquo;hui « la loge » et, parfois, « l&rsquo;aquarium ».</p>



<p>Bref, de l&rsquo;ancien préau ne subsiste plus que le mémorial aux élèves victimes des deux guerres mondiales, érigé par l&rsquo;Union des Anciens, en 1949, au cours d&rsquo;une cérémonie particulièrement émouvante qui eut lieu le 30 octobre.</p>



<p><em>Claudy Dupont, professeur d&rsquo;Histoire<br></em><em>D&rsquo;après le catalogue de l&rsquo;exposition réalisée en 2000 à l&rsquo;occasion du 150e anniversaire de l&rsquo;Athénée.</em></p>

<p>La cour autour de laquelle s&rsquo;organisaient les différents corps de bâtiments de l&rsquo;Athénée était en terre battue (elle ne sera pourvue d&rsquo;un revêtement qu&rsquo;en 1941). L&rsquo;architecte Trappeniers avait prévu un préau fermé dans l&rsquo;aile de la façade, rue du Séminaire.&nbsp;Il devait servir de lieu d&rsquo;accueil pour les élèves mais aussi de salle de spectacles, une [&hellip;]</p>
