{"id":36,"date":"2022-12-31T10:53:34","date_gmt":"2022-12-31T09:53:34","guid":{"rendered":"https:\/\/anciens-armons.be\/wordpress\/?page_id=36"},"modified":"2022-12-31T11:26:26","modified_gmt":"2022-12-31T10:26:26","slug":"projet-piscine","status":"publish","type":"page","link":"https:\/\/anciens-armons.be\/wordpress\/projet-piscine\/","title":{"rendered":"Un projet de piscine"},"content":{"rendered":"\n<p>Il existait depuis longtemps \u00e0 l&rsquo;ath\u00e9n\u00e9e un grand principe, au niveau de l&rsquo;\u00e9ducation physique, selon lequel tout \u00e9l\u00e8ve entrant \u00e0 l&rsquo;ath\u00e9n\u00e9e devait en ressortir nageur. C&rsquo;est ainsi que les trois heures d&rsquo;\u00e9ducation physique hebdomadaire \u00e9taient r\u00e9parties en deux heures cons\u00e9cutives, la troisi\u00e8me heure \u00e9tant donn\u00e9e \u00e0 un autre moment de la semaine; cette pratique \u00e9tait contraire aux prescriptions de l&rsquo;Education Nationale qui pr\u00e9voyait trois fois une heure de cours mais avait \u00e9t\u00e9 admise par l&rsquo;inspection car c&rsquo;\u00e9tait la seule qui permettait d&#8217;emmener les \u00e9l\u00e8ves une fois par semaine au bassin de natation du Lido.<\/p>\n\n\n\n<p>Cette volont\u00e9 de faire nager les \u00e9l\u00e8ves de l&rsquo;Ath\u00e9n\u00e9e avait fini par susciter un projet: pourquoi l&rsquo;\u00e9cole ne disposerait-elle pas de sa propre piscine?<br>Au d\u00e9but des ann\u00e9es 1970, le Pr\u00e9fet Jonas et les professeurs d&rsquo;\u00e9ducation physique, Messieurs Joarlette, Crombez, Smets, Blondiaux et Luton, organisaient, entre autres, une grande f\u00eate sportive, au mois de mai, en vue de r\u00e9colter des fonds, en collaboration avec l&rsquo;Union des Anciens et l&rsquo;Association des Parents. D&rsquo;autres activit\u00e9s furent \u00e9galement mises sur pied dans le m\u00eame but. Des plans furent dress\u00e9s. Finalement le projet fut abandonn\u00e9, les autorit\u00e9s de tutelle refusant cette construction de m\u00eame qu&rsquo;elles refuseront, peu apr\u00e8s, de couvrir une partie de la cour, ce qui aurait permis de disposer d&rsquo;une aire de sport \u00e0 l&rsquo;abri des intemp\u00e9ries. Les raisons avanc\u00e9es (pas de fonds priv\u00e9s dans un b\u00e2timent de l&rsquo;Etat ou classement des murs donnant sur la cour&#8230;) ne peuvent \u00eatre v\u00e9rifi\u00e9es, les archives de l&rsquo;Ath\u00e9n\u00e9e, fort lacunaires, \u00e9tant muettes sur ce projet de piscine ou de cour couverte.<br>Seul, un plan de construction d&rsquo;une piscine couverte atteste de la r\u00e9alit\u00e9 du projet mais il est lui-m\u00eame anonyme et donc tr\u00e8s vraisemblablement non \u00ab officiel\u00bb.<br>On voit, sur ce plan, que la piscine aurait d\u00fb \u00eatre construite sur la partie de la cour jouxtant les vestiaires et une petite partie du G1 (gymnastique au rez-de-chauss\u00e9e). Ses dimensions la destinaient \u00e0 \u00eatre un bassin d&rsquo;apprentissage de la natation. Il semble, mais ceci est impossible \u00e0 confirmer, qu&rsquo;il y eut plusieurs projets d&rsquo;implantation de ce bassin, dont l&rsquo;un aurait consist\u00e9 \u00e0 la construire sous le G1. De toute mani\u00e8re, la Communaut\u00e9 Educative de l&rsquo;Ath\u00e9n\u00e9e croyait fermement \u00e0 l&rsquo;aboutissement du projet; un membre de l&rsquo;Association des Parents, ing\u00e9nieur \u00e0 la Facult\u00e9 Polytechnique, en dessina les plans. Peut-\u00eatre celui dont nous parlons en fait-il partie&#8230;<\/p>\n\n\n\n<p>(Texte extrait du catalogue de l&rsquo;exposition r\u00e9alis\u00e9e en 2000 \u00e0 l&rsquo;occasion du 150\u00e8me anniversaire de l&rsquo;Ath\u00e9n\u00e9e Royal de Mons).<\/p>\n","protected":false},"excerpt":{"rendered":"<p>Il existait depuis longtemps \u00e0 l&rsquo;ath\u00e9n\u00e9e un grand principe, au niveau de l&rsquo;\u00e9ducation physique, selon lequel tout \u00e9l\u00e8ve entrant \u00e0 l&rsquo;ath\u00e9n\u00e9e devait en ressortir nageur. C&rsquo;est ainsi que les trois heures d&rsquo;\u00e9ducation physique hebdomadaire \u00e9taient r\u00e9parties en deux heures cons\u00e9cutives, la troisi\u00e8me heure \u00e9tant donn\u00e9e \u00e0 un autre moment de la semaine; cette pratique \u00e9tait [&hellip;]<\/p>\n","protected":false},"author":1,"featured_media":0,"parent":0,"menu_order":0,"comment_status":"closed","ping_status":"closed","template":"","meta":{"footnotes":""},"class_list":["post-36","page","type-page","status-publish","hentry"],"_links":{"self":[{"href":"https:\/\/anciens-armons.be\/wordpress\/wp-json\/wp\/v2\/pages\/36","targetHints":{"allow":["GET"]}}],"collection":[{"href":"https:\/\/anciens-armons.be\/wordpress\/wp-json\/wp\/v2\/pages"}],"about":[{"href":"https:\/\/anciens-armons.be\/wordpress\/wp-json\/wp\/v2\/types\/page"}],"author":[{"embeddable":true,"href":"https:\/\/anciens-armons.be\/wordpress\/wp-json\/wp\/v2\/users\/1"}],"replies":[{"embeddable":true,"href":"https:\/\/anciens-armons.be\/wordpress\/wp-json\/wp\/v2\/comments?post=36"}],"version-history":[{"count":1,"href":"https:\/\/anciens-armons.be\/wordpress\/wp-json\/wp\/v2\/pages\/36\/revisions"}],"predecessor-version":[{"id":37,"href":"https:\/\/anciens-armons.be\/wordpress\/wp-json\/wp\/v2\/pages\/36\/revisions\/37"}],"wp:attachment":[{"href":"https:\/\/anciens-armons.be\/wordpress\/wp-json\/wp\/v2\/media?parent=36"}],"curies":[{"name":"wp","href":"https:\/\/api.w.org\/{rel}","templated":true}]}}

<p>Il existait depuis longtemps à l&rsquo;athénée un grand principe, au niveau de l&rsquo;éducation physique, selon lequel tout élève entrant à l&rsquo;athénée devait en ressortir nageur. C&rsquo;est ainsi que les trois heures d&rsquo;éducation physique hebdomadaire étaient réparties en deux heures consécutives, la troisième heure étant donnée à un autre moment de la semaine; cette pratique était contraire aux prescriptions de l&rsquo;Education Nationale qui prévoyait trois fois une heure de cours mais avait été admise par l&rsquo;inspection car c&rsquo;était la seule qui permettait d&#8217;emmener les élèves une fois par semaine au bassin de natation du Lido.</p>



<p>Cette volonté de faire nager les élèves de l&rsquo;Athénée avait fini par susciter un projet: pourquoi l&rsquo;école ne disposerait-elle pas de sa propre piscine?<br>Au début des années 1970, le Préfet Jonas et les professeurs d&rsquo;éducation physique, Messieurs Joarlette, Crombez, Smets, Blondiaux et Luton, organisaient, entre autres, une grande fête sportive, au mois de mai, en vue de récolter des fonds, en collaboration avec l&rsquo;Union des Anciens et l&rsquo;Association des Parents. D&rsquo;autres activités furent également mises sur pied dans le même but. Des plans furent dressés. Finalement le projet fut abandonné, les autorités de tutelle refusant cette construction de même qu&rsquo;elles refuseront, peu après, de couvrir une partie de la cour, ce qui aurait permis de disposer d&rsquo;une aire de sport à l&rsquo;abri des intempéries. Les raisons avancées (pas de fonds privés dans un bâtiment de l&rsquo;Etat ou classement des murs donnant sur la cour&#8230;) ne peuvent être vérifiées, les archives de l&rsquo;Athénée, fort lacunaires, étant muettes sur ce projet de piscine ou de cour couverte.<br>Seul, un plan de construction d&rsquo;une piscine couverte atteste de la réalité du projet mais il est lui-même anonyme et donc très vraisemblablement non « officiel».<br>On voit, sur ce plan, que la piscine aurait dû être construite sur la partie de la cour jouxtant les vestiaires et une petite partie du G1 (gymnastique au rez-de-chaussée). Ses dimensions la destinaient à être un bassin d&rsquo;apprentissage de la natation. Il semble, mais ceci est impossible à confirmer, qu&rsquo;il y eut plusieurs projets d&rsquo;implantation de ce bassin, dont l&rsquo;un aurait consisté à la construire sous le G1. De toute manière, la Communauté Educative de l&rsquo;Athénée croyait fermement à l&rsquo;aboutissement du projet; un membre de l&rsquo;Association des Parents, ingénieur à la Faculté Polytechnique, en dessina les plans. Peut-être celui dont nous parlons en fait-il partie&#8230;</p>



<p>(Texte extrait du catalogue de l&rsquo;exposition réalisée en 2000 à l&rsquo;occasion du 150ème anniversaire de l&rsquo;Athénée Royal de Mons).</p>

<p>Il existait depuis longtemps à l&rsquo;athénée un grand principe, au niveau de l&rsquo;éducation physique, selon lequel tout élève entrant à l&rsquo;athénée devait en ressortir nageur. C&rsquo;est ainsi que les trois heures d&rsquo;éducation physique hebdomadaire étaient réparties en deux heures consécutives, la troisième heure étant donnée à un autre moment de la semaine; cette pratique était [&hellip;]</p>
