{"id":38,"date":"2022-12-31T11:07:08","date_gmt":"2022-12-31T10:07:08","guid":{"rendered":"https:\/\/anciens-armons.be\/wordpress\/?page_id=38"},"modified":"2022-12-31T11:41:46","modified_gmt":"2022-12-31T10:41:46","slug":"memorial","status":"publish","type":"page","link":"https:\/\/anciens-armons.be\/wordpress\/memorial\/","title":{"rendered":"Le m\u00e9morial"},"content":{"rendered":"\n<p>En 1949, l\u2019Union faisait \u00e9riger, dans le pr\u00e9au de l\u2019Ath\u00e9n\u00e9e, un m\u00e9morial aux \u00e9l\u00e8ves et anciens \u00e9l\u00e8ves, morts des deux guerres. C&rsquo;est le 30 octobre 1949 qu&rsquo;il fut inaugur\u00e9. Ce m\u00e9morial fut confi\u00e9 \u00e0 la garde de l\u2019\u00e9tablissement. Le vitrail qui l&rsquo;illustre est une oeuvre des peintres montois reconnus que sont <a href=\"http:\/\/www.antocarte.com\/bio_busine.asp\">Z\u00e9phir Busine<\/a> et <a href=\"http:\/\/gboulmant.com\/\">Georges Boulmant<\/a>.<\/p>\n\n\n\n<figure class=\"wp-block-gallery alignright has-nested-images columns-default is-cropped wp-block-gallery-1 is-layout-flex wp-block-gallery-is-layout-flex\">\n<figure class=\"wp-block-image size-full\"><img fetchpriority=\"high\" decoding=\"async\" width=\"600\" height=\"405\" data-id=\"78\" src=\"https:\/\/anciens-armons.be\/wordpress\/wp-content\/uploads\/2022\/12\/memorial_600x400.jpg\" alt=\"\" class=\"wp-image-78\" srcset=\"https:\/\/anciens-armons.be\/wordpress\/wp-content\/uploads\/2022\/12\/memorial_600x400.jpg 600w, https:\/\/anciens-armons.be\/wordpress\/wp-content\/uploads\/2022\/12\/memorial_600x400-300x203.jpg 300w\" sizes=\"(max-width: 600px) 100vw, 600px\" \/><\/figure>\n<\/figure>\n\n\n\n<p>Dans le courant du dernier trimestre 2007, l&rsquo;Union fut sollicit\u00e9e par la direction de l\u2019Ath\u00e9n\u00e9e pour intervenir dans le financement d&rsquo;une protection du vitrail. Il s&rsquo;agissait alors de placer, devant les modules constituant le vitrail, des plaques d\u2019un mat\u00e9riau transparent, destin\u00e9es \u00e0 les prot\u00e9ger des al\u00e9as les plus divers susceptibles de r\u00e9guli\u00e8rement survenir dans un hall fort fr\u00e9quent\u00e9 et parfois m\u00eame utilis\u00e9 pour la pratique de certains sports.<\/p>\n\n\n\n<p>Le Conseil d&rsquo;administration de l&rsquo;Union est all\u00e9 au-del\u00e0 de cette demande. Il a estim\u00e9 que le temps \u00e9tait peut-\u00eatre venu de proc\u00e9der non seulement \u00e0 l&rsquo;installation d&rsquo;une protection mais encore et surtout de profiter de l&rsquo;occasion pour r\u00e9aliser une restauration compl\u00e8te du m\u00e9morial. En effet, certains \u00e9l\u00e9ments du vitrail, d\u00e9grad\u00e9s ou cass\u00e9s au fil du temps, avaient fait l\u2019objet, au cours du temps, de r\u00e9parations et remises en \u00e9tat parfois sommaires.<\/p>\n\n\n\n<p>Une commission \u00e0 \u00e9t\u00e9 constitu\u00e9e au sein du Conseil d\u2019administration de l&rsquo;Union et a eu mission d&rsquo;\u00e9tudier le probl\u00e8me sous tous ses aspects. Apr\u00e8s avoir pris les contacts n\u00e9cessaires avec la Direction de l&rsquo;Ath\u00e9n\u00e9e ainsi qu&rsquo;avec l\u2019Administration G\u00e9n\u00e9rale de l&rsquo;Infrastructure (AGI) qui g\u00e8re les b\u00e2timents de l&rsquo;Ath\u00e9n\u00e9e et \u00e0 la suite de r\u00e9unions fort constructives, le travail de la commission a d\u00e9bouch\u00e9 sur une solution tr\u00e8s satisfaisante.<\/p>\n\n\n\n<p>En effet, et nous l\u2019avons d\u00e9j\u00e0 signal\u00e9, le principe d&rsquo;une r\u00e9novation totale a \u00e9t\u00e9 admis par les autorit\u00e9s comp\u00e9tentes, les travaux \u00e9tant financ\u00e9s par l\u2019AGI. Le travail complet a \u00e9t\u00e9 finalis\u00e9 en fin d&rsquo;ann\u00e9e 2008. Soulignons \u00e9galement que dans la foul\u00e9e de cette r\u00e9alisation, le m\u00e9morial aux anciens \u00e9l\u00e8ves de l&rsquo;Ecole moyenne de l&rsquo;Etat, situ\u00e9 dans la cour d&rsquo;honneur de la rue F\u00e9tis, a \u00e9galement b\u00e9n\u00e9fici\u00e9 d&rsquo;une remise en ordre.<\/p>\n\n\n\n<p>Nous adressons nos remerciements \u00e0 tous ceux qui ont particip\u00e9 \u00e0 cette r\u00e9alisation et, en particulier, aux membres du personnel d\u2019entretien de l\u2019Ath\u00e9n\u00e9e.<\/p>\n","protected":false},"excerpt":{"rendered":"<p>En 1949, l\u2019Union faisait \u00e9riger, dans le pr\u00e9au de l\u2019Ath\u00e9n\u00e9e, un m\u00e9morial aux \u00e9l\u00e8ves et anciens \u00e9l\u00e8ves, morts des deux guerres. C&rsquo;est le 30 octobre 1949 qu&rsquo;il fut inaugur\u00e9. Ce m\u00e9morial fut confi\u00e9 \u00e0 la garde de l\u2019\u00e9tablissement. Le vitrail qui l&rsquo;illustre est une oeuvre des peintres montois reconnus que sont Z\u00e9phir Busine et Georges [&hellip;]<\/p>\n","protected":false},"author":1,"featured_media":0,"parent":0,"menu_order":0,"comment_status":"closed","ping_status":"closed","template":"","meta":{"footnotes":""},"class_list":["post-38","page","type-page","status-publish","hentry"],"_links":{"self":[{"href":"https:\/\/anciens-armons.be\/wordpress\/wp-json\/wp\/v2\/pages\/38","targetHints":{"allow":["GET"]}}],"collection":[{"href":"https:\/\/anciens-armons.be\/wordpress\/wp-json\/wp\/v2\/pages"}],"about":[{"href":"https:\/\/anciens-armons.be\/wordpress\/wp-json\/wp\/v2\/types\/page"}],"author":[{"embeddable":true,"href":"https:\/\/anciens-armons.be\/wordpress\/wp-json\/wp\/v2\/users\/1"}],"replies":[{"embeddable":true,"href":"https:\/\/anciens-armons.be\/wordpress\/wp-json\/wp\/v2\/comments?post=38"}],"version-history":[{"count":2,"href":"https:\/\/anciens-armons.be\/wordpress\/wp-json\/wp\/v2\/pages\/38\/revisions"}],"predecessor-version":[{"id":84,"href":"https:\/\/anciens-armons.be\/wordpress\/wp-json\/wp\/v2\/pages\/38\/revisions\/84"}],"wp:attachment":[{"href":"https:\/\/anciens-armons.be\/wordpress\/wp-json\/wp\/v2\/media?parent=38"}],"curies":[{"name":"wp","href":"https:\/\/api.w.org\/{rel}","templated":true}]}}

Le mémorial

<p>En 1949, l’Union faisait ériger, dans le préau de l’Athénée, un mémorial aux élèves et anciens élèves, morts des deux guerres. C&rsquo;est le 30 octobre 1949 qu&rsquo;il fut inauguré. Ce mémorial fut confié à la garde de l’établissement. Le vitrail qui l&rsquo;illustre est une oeuvre des peintres montois reconnus que sont <a href="http://www.antocarte.com/bio_busine.asp">Zéphir Busine</a> et <a href="http://gboulmant.com/">Georges Boulmant</a>.</p>



<figure class="wp-block-gallery alignright has-nested-images columns-default is-cropped wp-block-gallery-1 is-layout-flex wp-block-gallery-is-layout-flex">
<figure class="wp-block-image size-full"><img fetchpriority="high" decoding="async" width="600" height="405" data-id="78" src="https://anciens-armons.be/wordpress/wp-content/uploads/2022/12/memorial_600x400.jpg" alt="" class="wp-image-78" srcset="https://anciens-armons.be/wordpress/wp-content/uploads/2022/12/memorial_600x400.jpg 600w, https://anciens-armons.be/wordpress/wp-content/uploads/2022/12/memorial_600x400-300x203.jpg 300w" sizes="(max-width: 600px) 100vw, 600px" /></figure>
</figure>



<p>Dans le courant du dernier trimestre 2007, l&rsquo;Union fut sollicitée par la direction de l’Athénée pour intervenir dans le financement d&rsquo;une protection du vitrail. Il s&rsquo;agissait alors de placer, devant les modules constituant le vitrail, des plaques d’un matériau transparent, destinées à les protéger des aléas les plus divers susceptibles de régulièrement survenir dans un hall fort fréquenté et parfois même utilisé pour la pratique de certains sports.</p>



<p>Le Conseil d&rsquo;administration de l&rsquo;Union est allé au-delà de cette demande. Il a estimé que le temps était peut-être venu de procéder non seulement à l&rsquo;installation d&rsquo;une protection mais encore et surtout de profiter de l&rsquo;occasion pour réaliser une restauration complète du mémorial. En effet, certains éléments du vitrail, dégradés ou cassés au fil du temps, avaient fait l’objet, au cours du temps, de réparations et remises en état parfois sommaires.</p>



<p>Une commission à été constituée au sein du Conseil d’administration de l&rsquo;Union et a eu mission d&rsquo;étudier le problème sous tous ses aspects. Après avoir pris les contacts nécessaires avec la Direction de l&rsquo;Athénée ainsi qu&rsquo;avec l’Administration Générale de l&rsquo;Infrastructure (AGI) qui gère les bâtiments de l&rsquo;Athénée et à la suite de réunions fort constructives, le travail de la commission a débouché sur une solution très satisfaisante.</p>



<p>En effet, et nous l’avons déjà signalé, le principe d&rsquo;une rénovation totale a été admis par les autorités compétentes, les travaux étant financés par l’AGI. Le travail complet a été finalisé en fin d&rsquo;année 2008. Soulignons également que dans la foulée de cette réalisation, le mémorial aux anciens élèves de l&rsquo;Ecole moyenne de l&rsquo;Etat, situé dans la cour d&rsquo;honneur de la rue Fétis, a également bénéficié d&rsquo;une remise en ordre.</p>



<p>Nous adressons nos remerciements à tous ceux qui ont participé à cette réalisation et, en particulier, aux membres du personnel d’entretien de l’Athénée.</p>

<p>En 1949, l’Union faisait ériger, dans le préau de l’Athénée, un mémorial aux élèves et anciens élèves, morts des deux guerres. C&rsquo;est le 30 octobre 1949 qu&rsquo;il fut inauguré. Ce mémorial fut confié à la garde de l’établissement. Le vitrail qui l&rsquo;illustre est une oeuvre des peintres montois reconnus que sont Zéphir Busine et Georges [&hellip;]</p>
