{"id":40,"date":"2022-12-31T11:08:09","date_gmt":"2022-12-31T10:08:09","guid":{"rendered":"https:\/\/anciens-armons.be\/wordpress\/?page_id=40"},"modified":"2022-12-31T11:42:16","modified_gmt":"2022-12-31T10:42:16","slug":"ecole-moyenne","status":"publish","type":"page","link":"https:\/\/anciens-armons.be\/wordpress\/ecole-moyenne\/","title":{"rendered":"L&rsquo;\u00e9cole moyenne"},"content":{"rendered":"\n<p>D\u00e9j\u00e0 cit\u00e9e en 1286 sous la d\u00e9nomination de Ecole des \u00a0\u00bb Crottes \u00a0\u00bb ou Ecole des pauvres, elle se fixa, en 1534 \u00e0 la rue Noble (actuellement rue Notre-Dame), en 1796 \u00e0 la rampe Ste-Waudru, en 1839 \u00e0 la rue Samson.<\/p>\n\n\n\n<p>Dans un document intitul\u00e9 \u00ab\u00a0Relev\u00e9 statistique des \u00e9difices et b\u00e2timents affect\u00e9s \u00e0 l&rsquo;usage de l&rsquo;enseignement moyen\u00a0\u00bb dress\u00e9 par Ch. Sury, architecte de la Ville le 1er d\u00e9cembre 1855, on trouve la description suivante pour l&rsquo;Ecole Moyenne.<br>\u00ab\u00a0Rue Samson n\u00b019. Ce b\u00e2timent se compose comme il suit:<br>1\u00b0 D&rsquo;un b\u00e2timent principal renfermant au rez de chauss\u00e9e deux classes et l&#8217;emplacement du gymnase. L&rsquo;\u00e9tage divis\u00e9 en trois chambres sert au logement du Directeur de l&rsquo;Ecole. (138 m\u00b2)<br>2\u00b0 D&rsquo;un autre b\u00e2timent n&rsquo;ayant qu&rsquo;un rez de chauss\u00e9e contenant deux classes. Il existe une cour assez vaste pour la r\u00e9cr\u00e9ation des \u00e9l\u00e8ves et un jardin pour le Directeur de l&rsquo;Ecole\u00a0\u00bb. (84,10 m\u00b2)<br>Une note ajoute qu&rsquo;il s&rsquo;agit de l&rsquo;Ancienne \u00ab\u00a0Ecole au surplis\u00a0\u00bb &#8211; appel\u00e9e ainsi parce que les \u00e9l\u00e8ves assistaient \u00e0 certains offices des \u00e9glises de Saint Germain et de sainte Waudru et y remplissaient les fonctions d&rsquo;enfants de choeur &#8211; qui appartenait au Chapitre de Saint-Germain.<\/p>\n\n\n\n<p>Transform\u00e9e le 5 ao\u00fbt 1851, en Ecole Moyenne de l&rsquo;Etat pour gar\u00e7ons, elle s&rsquo;installe en 1863, rue F\u00e9tis, \u00e0 l&rsquo;ancien refuge de l&rsquo;Abbaye de St-Ghislain. Digne voisine de l&rsquo;Ath\u00e9n\u00e9e elle a, elle aussi, \u00e0 son actif, de belles r\u00e9alisations et sa galerie d&rsquo;anciens est de bonne lign\u00e9e.<\/p>\n\n\n\n<p>Au d\u00e9but du mois de septembre 1950, l&rsquo;Ath\u00e9n\u00e9e de Mons et l&rsquo;Ecole moyenne pour gar\u00e7ons, deux \u00e9tablissements d&rsquo;enseignement moyen de l&rsquo;Etat et par sur-croit deux \u00e9tablissements mitoyens, fusionn\u00e8rent pour ne former qu&rsquo;une entit\u00e9. Le Pr\u00e9fet de l&rsquo;Ath\u00e9n\u00e9e, responsable de l&rsquo;ensemble se voyait second\u00e9 dans ses taches administratives par le Directeur de l&rsquo;Ecole moyenne promu Proviseur. Les \u00e9l\u00e8ves de l&rsquo;Ecole moyenne vinrent compl\u00e9ter temporairement l&rsquo;\u00e9ventail des classes du degr\u00e9 inf\u00e9rieur des humanit\u00e9s modernes; l&rsquo;Ath\u00e9n\u00e9e h\u00e9rita aussi de la section pr\u00e9paratoire de l&rsquo;Ecole moyenne. La fusion se concr\u00e9tisa plus prosa\u00efquement le jour m\u00eame de la d\u00e9cision minist\u00e9rielle par le percement du mur mitoyen entre les deux \u00e9tablissements.<\/p>\n\n\n\n<p>Construit par l&rsquo;architecte Nicolas de Brissy en 1726, l&rsquo;ancien refuge de l&rsquo;abbaye de Saint-Ghislain pr\u00e9sente un ensemble de b\u00e2timents entourant \u00e0 angle droit une cour pav\u00e9e, jadis cl\u00f4tur\u00e9e par un mur datant du XVI\u00e8me si\u00e8cle, aujourd&rsquo;hui ferm\u00e9e par une grille de style R\u00e9gence plac\u00e9e an 1876.<\/p>\n\n\n<div class=\"wp-block-image\">\n<figure class=\"alignright size-full\"><img fetchpriority=\"high\" decoding=\"async\" width=\"420\" height=\"320\" src=\"https:\/\/anciens-armons.be\/wordpress\/wp-content\/uploads\/2022\/12\/chapellerefuge420x310.jpg\" alt=\"\" class=\"wp-image-79\" srcset=\"https:\/\/anciens-armons.be\/wordpress\/wp-content\/uploads\/2022\/12\/chapellerefuge420x310.jpg 420w, https:\/\/anciens-armons.be\/wordpress\/wp-content\/uploads\/2022\/12\/chapellerefuge420x310-300x229.jpg 300w\" sizes=\"(max-width: 420px) 100vw, 420px\" \/><\/figure>\n<\/div>\n\n\n<p>La chapelle qui forme l&rsquo;aile gauche pr\u00e9sente une fa\u00e7ade en briques garnie de cha\u00eenages en pierre bleue avec une superposition de trois baies, celle du bas servant de porte, surmont\u00e9es d&rsquo;un fronton triangulaire.&nbsp; Surgissant d&rsquo;un toit \u00e0 croupe, un campanile hexagonal \u00e0 six baies se termine par une fl\u00e8che en forme de poire.&nbsp; A gauche de la chapelle une aile d&rsquo;habitation suit l&rsquo;alignement de la rue.&nbsp; Elle compte deux niveaux s\u00e9par\u00e9s par un bandeau de pierre et cinq trav\u00e9es avec fen\u00eatres \u00e0 croisillons.&nbsp; A l&rsquo;extr\u00eame gauche le portail cintr\u00e9 avec cl\u00e9 est surmont\u00e9 \u00e0 l&rsquo;\u00e9tage d&rsquo;une fen\u00eatre \u00e9galement cintr\u00e9e \u00e0 cl\u00e9; celle-ci somm\u00e9e d&rsquo;un fronton triangulaire s&rsquo;inscrit dons un encadrement de pierre bleue orn\u00e9 dans sa partie inf\u00e9rieure par des volutes.&nbsp; La fa\u00e7ade de la chapelle vers la cour pr\u00e9sente des fen\u00eatres cintr\u00e9es au rez-de-chauss\u00e9e et bomb\u00e9es \u00e0 l&rsquo;\u00e9tage, orn\u00e9es d&rsquo;une cl\u00e9 et s\u00e9par\u00e9es par des pilastres toscans au rez-de-chauss\u00e9e et ioniques \u00e0 l&rsquo;\u00e9tage.&nbsp; L&rsquo;aile d&rsquo;habitation au fond de la cour comporte deux niveaux s\u00e9par\u00e9s par un bandeau de pierre et cinq&nbsp; trav\u00e9es perc\u00e9es de fen\u00eatres&nbsp; \u00e0 petits croisillons; les trav\u00e9es sont s\u00e9par\u00e9es comme pour le flanc de la chapelle par des pilastres. L&rsquo;aile en retour \u00e0 droite est une construction plus r\u00e9cente datant du XIX\u00e8me si\u00e8cle, b\u00e2tie sur un soubassement du XVI\u00e8me si\u00e8cle.&nbsp; L&rsquo;angle de l&rsquo;\u00e9difice s&rsquo;orne \u00e0 l&rsquo;\u00e9tage d&rsquo;une niche de style gothique datant du XVI\u00e9me si\u00e8cle. Le refuge de l&rsquo;abbaye de Saint-Ghislain est une exemple remarquable du style classique montois auquel Nicolas de Brissy a apport\u00e9 une note originale par la construction de frontons triangulaires au niveau de la corniche et par l&#8217;emploi de pilastres surmont\u00e9s de chapiteaux toscans au ioniques. Dans ce style classique montois,&nbsp; encore appel\u00e9 style Louis XIV, on retrouve l&rsquo;harmonie, l&rsquo;\u00e9l\u00e9gance et la grandeur du style fron\u00e7ais auxquelles l&#8217;emploi de la brique et de la pierre du pays ajoute un \u00e9l\u00e9ment typique de la construction locale.<\/p>\n\n\n\n<p>Le refuge de l&rsquo;abbaye de Saint-Ghislain, devenu&nbsp; bien national lors de la confiscation des biens du clerg\u00e9 \u00e0 la R\u00e9volution fran\u00e7aise. ne fut pas vendu \u00e0 des particuliers.&nbsp;&nbsp; De 1802 \u00e0 1810 le Conseil municipal y installa l&rsquo;Ecole secondaire de N. Godard qui dut fermer peu apr\u00e8s, faute d&rsquo;\u00e9l\u00e8ves. A partir de 1877, sous le r\u00e9gime hollandais, l&rsquo;ancien refuge se vit confirm\u00e9 dans sa destination de maison d&rsquo;\u00e9ducation : en effet, de 1817 \u00e0 1863 on y trouvait d&rsquo;une part une institution pour jeune filles de la classe ais\u00e9e et d&rsquo;autre part une \u00e9cole des filles pauvres tenue par les Filles de la Charit\u00e9 du Sacr\u00e9-Coeur de J\u00e9sus; de 1863 \u00e0 1950 l&rsquo;Ecole moyenne de l&rsquo;Etat pour gar\u00e7ons prit la rel\u00e8ve et une biblioth\u00e8que populaire fut m\u00eame \u00e9tablie dons l&rsquo;une des d\u00e9pendances de l&rsquo;\u00e9cole. Apr\u00e8s la fusion de l&rsquo;Ecole moyenne avec l&rsquo;Ath\u00e9n\u00e9e, le refuge a abrit\u00e9 l&rsquo;Ecole primaire annex\u00e9e \u00e0 l&rsquo;Ath\u00e9n\u00e9e.<\/p>\n","protected":false},"excerpt":{"rendered":"<p>D\u00e9j\u00e0 cit\u00e9e en 1286 sous la d\u00e9nomination de Ecole des \u00a0\u00bb Crottes \u00a0\u00bb ou Ecole des pauvres, elle se fixa, en 1534 \u00e0 la rue Noble (actuellement rue Notre-Dame), en 1796 \u00e0 la rampe Ste-Waudru, en 1839 \u00e0 la rue Samson. Dans un document intitul\u00e9 \u00ab\u00a0Relev\u00e9 statistique des \u00e9difices et b\u00e2timents affect\u00e9s \u00e0 l&rsquo;usage de [&hellip;]<\/p>\n","protected":false},"author":1,"featured_media":0,"parent":0,"menu_order":0,"comment_status":"closed","ping_status":"closed","template":"","meta":{"footnotes":""},"class_list":["post-40","page","type-page","status-publish","hentry"],"_links":{"self":[{"href":"https:\/\/anciens-armons.be\/wordpress\/wp-json\/wp\/v2\/pages\/40","targetHints":{"allow":["GET"]}}],"collection":[{"href":"https:\/\/anciens-armons.be\/wordpress\/wp-json\/wp\/v2\/pages"}],"about":[{"href":"https:\/\/anciens-armons.be\/wordpress\/wp-json\/wp\/v2\/types\/page"}],"author":[{"embeddable":true,"href":"https:\/\/anciens-armons.be\/wordpress\/wp-json\/wp\/v2\/users\/1"}],"replies":[{"embeddable":true,"href":"https:\/\/anciens-armons.be\/wordpress\/wp-json\/wp\/v2\/comments?post=40"}],"version-history":[{"count":2,"href":"https:\/\/anciens-armons.be\/wordpress\/wp-json\/wp\/v2\/pages\/40\/revisions"}],"predecessor-version":[{"id":85,"href":"https:\/\/anciens-armons.be\/wordpress\/wp-json\/wp\/v2\/pages\/40\/revisions\/85"}],"wp:attachment":[{"href":"https:\/\/anciens-armons.be\/wordpress\/wp-json\/wp\/v2\/media?parent=40"}],"curies":[{"name":"wp","href":"https:\/\/api.w.org\/{rel}","templated":true}]}}

L&rsquo;école moyenne

<p>Déjà citée en 1286 sous la dénomination de Ecole des  » Crottes  » ou Ecole des pauvres, elle se fixa, en 1534 à la rue Noble (actuellement rue Notre-Dame), en 1796 à la rampe Ste-Waudru, en 1839 à la rue Samson.</p>



<p>Dans un document intitulé « Relevé statistique des édifices et bâtiments affectés à l&rsquo;usage de l&rsquo;enseignement moyen » dressé par Ch. Sury, architecte de la Ville le 1er décembre 1855, on trouve la description suivante pour l&rsquo;Ecole Moyenne.<br>« Rue Samson n°19. Ce bâtiment se compose comme il suit:<br>1° D&rsquo;un bâtiment principal renfermant au rez de chaussée deux classes et l&#8217;emplacement du gymnase. L&rsquo;étage divisé en trois chambres sert au logement du Directeur de l&rsquo;Ecole. (138 m²)<br>2° D&rsquo;un autre bâtiment n&rsquo;ayant qu&rsquo;un rez de chaussée contenant deux classes. Il existe une cour assez vaste pour la récréation des élèves et un jardin pour le Directeur de l&rsquo;Ecole ». (84,10 m²)<br>Une note ajoute qu&rsquo;il s&rsquo;agit de l&rsquo;Ancienne « Ecole au surplis » &#8211; appelée ainsi parce que les élèves assistaient à certains offices des églises de Saint Germain et de sainte Waudru et y remplissaient les fonctions d&rsquo;enfants de choeur &#8211; qui appartenait au Chapitre de Saint-Germain.</p>



<p>Transformée le 5 août 1851, en Ecole Moyenne de l&rsquo;Etat pour garçons, elle s&rsquo;installe en 1863, rue Fétis, à l&rsquo;ancien refuge de l&rsquo;Abbaye de St-Ghislain. Digne voisine de l&rsquo;Athénée elle a, elle aussi, à son actif, de belles réalisations et sa galerie d&rsquo;anciens est de bonne lignée.</p>



<p>Au début du mois de septembre 1950, l&rsquo;Athénée de Mons et l&rsquo;Ecole moyenne pour garçons, deux établissements d&rsquo;enseignement moyen de l&rsquo;Etat et par sur-croit deux établissements mitoyens, fusionnèrent pour ne former qu&rsquo;une entité. Le Préfet de l&rsquo;Athénée, responsable de l&rsquo;ensemble se voyait secondé dans ses taches administratives par le Directeur de l&rsquo;Ecole moyenne promu Proviseur. Les élèves de l&rsquo;Ecole moyenne vinrent compléter temporairement l&rsquo;éventail des classes du degré inférieur des humanités modernes; l&rsquo;Athénée hérita aussi de la section préparatoire de l&rsquo;Ecole moyenne. La fusion se concrétisa plus prosaïquement le jour même de la décision ministérielle par le percement du mur mitoyen entre les deux établissements.</p>



<p>Construit par l&rsquo;architecte Nicolas de Brissy en 1726, l&rsquo;ancien refuge de l&rsquo;abbaye de Saint-Ghislain présente un ensemble de bâtiments entourant à angle droit une cour pavée, jadis clôturée par un mur datant du XVIème siècle, aujourd&rsquo;hui fermée par une grille de style Régence placée an 1876.</p>


<div class="wp-block-image">
<figure class="alignright size-full"><img fetchpriority="high" decoding="async" width="420" height="320" src="https://anciens-armons.be/wordpress/wp-content/uploads/2022/12/chapellerefuge420x310.jpg" alt="" class="wp-image-79" srcset="https://anciens-armons.be/wordpress/wp-content/uploads/2022/12/chapellerefuge420x310.jpg 420w, https://anciens-armons.be/wordpress/wp-content/uploads/2022/12/chapellerefuge420x310-300x229.jpg 300w" sizes="(max-width: 420px) 100vw, 420px" /></figure>
</div>


<p>La chapelle qui forme l&rsquo;aile gauche présente une façade en briques garnie de chaînages en pierre bleue avec une superposition de trois baies, celle du bas servant de porte, surmontées d&rsquo;un fronton triangulaire.&nbsp; Surgissant d&rsquo;un toit à croupe, un campanile hexagonal à six baies se termine par une flèche en forme de poire.&nbsp; A gauche de la chapelle une aile d&rsquo;habitation suit l&rsquo;alignement de la rue.&nbsp; Elle compte deux niveaux séparés par un bandeau de pierre et cinq travées avec fenêtres à croisillons.&nbsp; A l&rsquo;extrême gauche le portail cintré avec clé est surmonté à l&rsquo;étage d&rsquo;une fenêtre également cintrée à clé; celle-ci sommée d&rsquo;un fronton triangulaire s&rsquo;inscrit dons un encadrement de pierre bleue orné dans sa partie inférieure par des volutes.&nbsp; La façade de la chapelle vers la cour présente des fenêtres cintrées au rez-de-chaussée et bombées à l&rsquo;étage, ornées d&rsquo;une clé et séparées par des pilastres toscans au rez-de-chaussée et ioniques à l&rsquo;étage.&nbsp; L&rsquo;aile d&rsquo;habitation au fond de la cour comporte deux niveaux séparés par un bandeau de pierre et cinq&nbsp; travées percées de fenêtres&nbsp; à petits croisillons; les travées sont séparées comme pour le flanc de la chapelle par des pilastres. L&rsquo;aile en retour à droite est une construction plus récente datant du XIXème siècle, bâtie sur un soubassement du XVIème siècle.&nbsp; L&rsquo;angle de l&rsquo;édifice s&rsquo;orne à l&rsquo;étage d&rsquo;une niche de style gothique datant du XVIéme siècle. Le refuge de l&rsquo;abbaye de Saint-Ghislain est une exemple remarquable du style classique montois auquel Nicolas de Brissy a apporté une note originale par la construction de frontons triangulaires au niveau de la corniche et par l&#8217;emploi de pilastres surmontés de chapiteaux toscans au ioniques. Dans ce style classique montois,&nbsp; encore appelé style Louis XIV, on retrouve l&rsquo;harmonie, l&rsquo;élégance et la grandeur du style fronçais auxquelles l&#8217;emploi de la brique et de la pierre du pays ajoute un élément typique de la construction locale.</p>



<p>Le refuge de l&rsquo;abbaye de Saint-Ghislain, devenu&nbsp; bien national lors de la confiscation des biens du clergé à la Révolution française. ne fut pas vendu à des particuliers.&nbsp;&nbsp; De 1802 à 1810 le Conseil municipal y installa l&rsquo;Ecole secondaire de N. Godard qui dut fermer peu après, faute d&rsquo;élèves. A partir de 1877, sous le régime hollandais, l&rsquo;ancien refuge se vit confirmé dans sa destination de maison d&rsquo;éducation : en effet, de 1817 à 1863 on y trouvait d&rsquo;une part une institution pour jeune filles de la classe aisée et d&rsquo;autre part une école des filles pauvres tenue par les Filles de la Charité du Sacré-Coeur de Jésus; de 1863 à 1950 l&rsquo;Ecole moyenne de l&rsquo;Etat pour garçons prit la relève et une bibliothèque populaire fut même établie dons l&rsquo;une des dépendances de l&rsquo;école. Après la fusion de l&rsquo;Ecole moyenne avec l&rsquo;Athénée, le refuge a abrité l&rsquo;Ecole primaire annexée à l&rsquo;Athénée.</p>

<p>Déjà citée en 1286 sous la dénomination de Ecole des  » Crottes  » ou Ecole des pauvres, elle se fixa, en 1534 à la rue Noble (actuellement rue Notre-Dame), en 1796 à la rampe Ste-Waudru, en 1839 à la rue Samson. Dans un document intitulé « Relevé statistique des édifices et bâtiments affectés à l&rsquo;usage de [&hellip;]</p>
