{"id":530,"date":"2025-04-06T18:09:43","date_gmt":"2025-04-06T16:09:43","guid":{"rendered":"https:\/\/anciens-armons.be\/wordpress\/?page_id=530"},"modified":"2025-04-13T19:24:18","modified_gmt":"2025-04-13T17:24:18","slug":"conditions-acces","status":"publish","type":"page","link":"https:\/\/anciens-armons.be\/wordpress\/conditions-acces\/","title":{"rendered":"Conditions d&rsquo;acc\u00e8s"},"content":{"rendered":"\n<p>Pour pouvoir pr\u00e9tendre \u00e0 un acc\u00e8s dans l&rsquo;espace membres, vous devez obligatoirement \u00eatre enregistr\u00e9 dans le fichier administratif de l&rsquo;association.<\/p>\n\n\n\n<ul class=\"wp-block-list\">\n<li>Soit avoir pay\u00e9 <strong>au moins une fois votre cotisation annuelle<\/strong>,<\/li>\n\n\n\n<li>Soit \u00eatre sorti de <strong>rh\u00e9torique apr\u00e8s 1988<\/strong>,<\/li>\n\n\n\n<li>Soit proc\u00e9der au paiement d&rsquo;une 1\u00e8re cotisation en mentionnant <strong>en communication bancaire<\/strong> votre <strong>ann\u00e9e de promotion<\/strong> (ou autre statut: sympathisant, ancien personnel, &#8230;) ainsi que <strong>votre adresse E-mail<\/strong>.<\/li>\n<\/ul>\n\n\n\n<p>Si vous \u00eates d\u00e9j\u00e0 enregistr\u00e9 dans le fichier administratif de l&rsquo;association, vous pouvez <strong>communiquer votre adresse E-mail<\/strong><\/p>\n\n\n\n<ul class=\"wp-block-list\">\n<li>Soit en envoyant un courriel \u00e0 <strong>hello@anciens-armons.be<\/strong> en pr\u00e9cisant vos pr\u00e9nom, nom, ann\u00e9e de promotion (ou autre statut),<\/li>\n\n\n\n<li>Soit en pr\u00e9cisant votre adresse E-mail <strong>en communication bancaire<\/strong> dans le paiement bancaire de votre prochaine cotisation,<\/li>\n\n\n\n<li>soit <strong>encoder l&rsquo;adresse E-mail<\/strong> en utilisant un <strong>code d&rsquo;activation<\/strong> repris sur l&rsquo;\u00e9tiquette de votre bulletin de liaison.<\/li>\n<\/ul>\n\n\n\n<p>Pour <strong>v\u00e9rifier si votre adresse E-mail personnelle est enregistr\u00e9e<\/strong> dans le fichier de l&rsquo;association, <a href=\".\/connexion\">tentez une connexion<\/a> avec un mot de passe quelconque ! Si votre adresse E-mail est inconnue, vous aurez acc\u00e8s \u00e0 une proc\u00e9dure permettant d&rsquo;enregistrer vous m\u00eame votre adresse E-mail personnelle.<\/p>\n\n\n\n<p>Pour <strong>initialiser votre mot de passe d&rsquo;acc\u00e8s<\/strong> (ou le modifier), vous pouvez demander qu&rsquo;un lien personnalis\u00e9 et s\u00e9curis\u00e9 vous soit d\u00e9livr\u00e9 par courriel pour proc\u00e9der \u00e0 la (r\u00e9)initialisation du mot de passe.<\/p>\n\n\n\n<p><\/p>\n\n\n\n<p><\/p>\n\n\n\n<p><\/p>\n","protected":false},"excerpt":{"rendered":"<p>Pour pouvoir pr\u00e9tendre \u00e0 un acc\u00e8s dans l&rsquo;espace membres, vous devez obligatoirement \u00eatre enregistr\u00e9 dans le fichier administratif de l&rsquo;association. Si vous \u00eates d\u00e9j\u00e0 enregistr\u00e9 dans le fichier administratif de l&rsquo;association, vous pouvez communiquer votre adresse E-mail Pour v\u00e9rifier si votre adresse E-mail personnelle est enregistr\u00e9e dans le fichier de l&rsquo;association, tentez une connexion avec [&hellip;]<\/p>\n","protected":false},"author":1,"featured_media":0,"parent":0,"menu_order":0,"comment_status":"closed","ping_status":"closed","template":"","meta":{"footnotes":""},"class_list":["post-530","page","type-page","status-publish","hentry"],"_links":{"self":[{"href":"https:\/\/anciens-armons.be\/wordpress\/wp-json\/wp\/v2\/pages\/530","targetHints":{"allow":["GET"]}}],"collection":[{"href":"https:\/\/anciens-armons.be\/wordpress\/wp-json\/wp\/v2\/pages"}],"about":[{"href":"https:\/\/anciens-armons.be\/wordpress\/wp-json\/wp\/v2\/types\/page"}],"author":[{"embeddable":true,"href":"https:\/\/anciens-armons.be\/wordpress\/wp-json\/wp\/v2\/users\/1"}],"replies":[{"embeddable":true,"href":"https:\/\/anciens-armons.be\/wordpress\/wp-json\/wp\/v2\/comments?post=530"}],"version-history":[{"count":15,"href":"https:\/\/anciens-armons.be\/wordpress\/wp-json\/wp\/v2\/pages\/530\/revisions"}],"predecessor-version":[{"id":659,"href":"https:\/\/anciens-armons.be\/wordpress\/wp-json\/wp\/v2\/pages\/530\/revisions\/659"}],"wp:attachment":[{"href":"https:\/\/anciens-armons.be\/wordpress\/wp-json\/wp\/v2\/media?parent=530"}],"curies":[{"name":"wp","href":"https:\/\/api.w.org\/{rel}","templated":true}]}}